{"id":70,"date":"2021-02-23T11:21:12","date_gmt":"2021-02-23T10:21:12","guid":{"rendered":"http:\/\/blaschke-net.com\/?page_id=70"},"modified":"2025-07-09T14:47:55","modified_gmt":"2025-07-09T12:47:55","slug":"startseite-neu","status":"publish","type":"page","link":"https:\/\/blaschke-net.com\/","title":{"rendered":"MCSE Andreas Blaschke"},"content":{"rendered":"<div class=\"gb-container gb-container-ca62f41d hide-on-mobile\"><\/div>\n\n<div class=\"gb-container gb-container-cb884559 hide-on-desktop hide-on-tablet\"><\/div>\n\n<div class=\"gb-container gb-container-cb8f4c34\">\n<div class=\"gb-container gb-container-c3e7498d\">\n\n<h1 class=\"gb-headline gb-headline-6bd6fc5a gb-headline-text\">IT-Schulungen mit Praxisbezug<\/h1>\n\n\n\n<p>Als zertifizierter MCSE unterst\u00fctze ich Unternehmen dabei, ihre IT-Teams gezielt weiterzubilden \u2013 mit praxisorientierten Schulungen zu PowerShell, Microsoft Exchange und weiteren Themen der Systemadministration.<\/p>\n\n\n\n<p>Mein Fokus liegt auf verst\u00e4ndlicher Wissensvermittlung, die sich direkt im Arbeitsalltag anwenden l\u00e4sst. Ob individuelle Firmenschulungen oder modulare Trainingskonzepte: Gemeinsam st\u00e4rken wir die Kompetenzen Ihrer IT-Mitarbeiter \u2013 nachhaltig und effektiv.<\/p>\n\n<\/div>\n\n<div class=\"gb-container gb-container-a12cbfe9\">\n<div class=\"gb-grid-wrapper gb-grid-wrapper-a351397c\">\n<div class=\"gb-grid-column gb-grid-column-695d10aa\"><div class=\"gb-container gb-container-695d10aa\">\n\n<figure class=\"gb-block-image gb-block-image-8dd3e83d\"><img loading=\"lazy\" decoding=\"async\" width=\"300\" height=\"300\" class=\"gb-image gb-image-8dd3e83d\" src=\"http:\/\/blaschke-net.com\/wp-content\/uploads\/2025\/07\/code_icon_rund.png\" srcset=\"https:\/\/blaschke-net.com\/wp-content\/uploads\/2025\/07\/code_icon_rund.png 300w, https:\/\/blaschke-net.com\/wp-content\/uploads\/2025\/07\/code_icon_rund-150x150.png 150w\" sizes=\"auto, (max-width: 300px) 100vw, 300px\" \/><\/figure>\n\n\n\n<h3 class=\"gb-headline gb-headline-3333f4ed gb-headline-text\">PowerShell<\/h3>\n\n<\/div><\/div>\n\n<div class=\"gb-grid-column gb-grid-column-9909508b\"><div class=\"gb-container gb-container-9909508b\">\n\n<figure class=\"gb-block-image gb-block-image-f245cfac\"><img loading=\"lazy\" decoding=\"async\" width=\"300\" height=\"300\" class=\"gb-image gb-image-f245cfac\" src=\"http:\/\/blaschke-net.com\/wp-content\/uploads\/2025\/07\/microsoft_icon_rund.png\" srcset=\"https:\/\/blaschke-net.com\/wp-content\/uploads\/2025\/07\/microsoft_icon_rund.png 300w, https:\/\/blaschke-net.com\/wp-content\/uploads\/2025\/07\/microsoft_icon_rund-150x150.png 150w\" sizes=\"auto, (max-width: 300px) 100vw, 300px\" \/><\/figure>\n\n\n\n<h3 class=\"gb-headline gb-headline-94d30c96 gb-headline-text\">Exchange<\/h3>\n\n<\/div><\/div>\n\n<div class=\"gb-grid-column gb-grid-column-35d21630\"><div class=\"gb-container gb-container-35d21630\">\n\n<figure class=\"gb-block-image gb-block-image-7ac09be0\"><img loading=\"lazy\" decoding=\"async\" width=\"300\" height=\"300\" class=\"gb-image gb-image-7ac09be0\" src=\"http:\/\/blaschke-net.com\/wp-content\/uploads\/2025\/07\/client_icon_rund.png\" srcset=\"https:\/\/blaschke-net.com\/wp-content\/uploads\/2025\/07\/client_icon_rund.png 300w, https:\/\/blaschke-net.com\/wp-content\/uploads\/2025\/07\/client_icon_rund-150x150.png 150w\" sizes=\"auto, (max-width: 300px) 100vw, 300px\" \/><\/figure>\n\n\n\n<h3 class=\"gb-headline gb-headline-e37de383 gb-headline-text\">Clients<\/h3>\n\n<\/div><\/div>\n<\/div>\n<\/div>\n<\/div>\n\n<div class=\"gb-container gb-container-f5b81ff2\">\n<div class=\"gb-container gb-container-32867f04\">\n\n<h2 class=\"gb-headline gb-headline-e3bd1074 gb-headline-text\" id=\"meinprofil\">Mein Profil<\/h2>\n\n<\/div>\n<\/div>\n\n<div class=\"gb-container gb-container-dd82de78\">\n<div class=\"gb-container gb-container-f6b42486\">\n\n<p class=\"gb-headline gb-headline-894e8266\"><span class=\"gb-icon\"><svg aria-hidden=\"true\" role=\"img\" height=\"1em\" width=\"1em\" viewBox=\"0 0 512 512\" xmlns=\"http:\/\/www.w3.org\/2000\/svg\"><path fill=\"currentColor\" d=\"M173.898 439.404l-166.4-166.4c-9.997-9.997-9.997-26.206 0-36.204l36.203-36.204c9.997-9.998 26.207-9.998 36.204 0L192 312.69 432.095 72.596c9.997-9.997 26.207-9.997 36.204 0l36.203 36.204c9.997 9.997 9.997 26.206 0 36.204l-294.4 294.401c-9.998 9.997-26.207 9.997-36.204-.001z\"><\/path><\/svg><\/span><span class=\"gb-headline-text\">Seit 1990 in der IT-Branche t\u00e4tig<\/span><\/p>\n\n\n\n<p class=\"gb-headline gb-headline-ab1ca08c\"><span class=\"gb-icon\"><svg aria-hidden=\"true\" role=\"img\" height=\"1em\" width=\"1em\" viewBox=\"0 0 512 512\" xmlns=\"http:\/\/www.w3.org\/2000\/svg\"><path fill=\"currentColor\" d=\"M173.898 439.404l-166.4-166.4c-9.997-9.997-9.997-26.206 0-36.204l36.203-36.204c9.997-9.998 26.207-9.998 36.204 0L192 312.69 432.095 72.596c9.997-9.997 26.207-9.997 36.204 0l36.203 36.204c9.997 9.997 9.997 26.206 0 36.204l-294.4 294.401c-9.998 9.997-26.207 9.997-36.204-.001z\"><\/path><\/svg><\/span><span class=\"gb-headline-text\">Zertifiziert als Microsoft MCSE und MCT seit vielen Jahren<\/span><\/p>\n\n\n\n<p class=\"gb-headline gb-headline-e89a7ca4\"><span class=\"gb-icon\"><svg aria-hidden=\"true\" role=\"img\" height=\"1em\" width=\"1em\" viewBox=\"0 0 512 512\" xmlns=\"http:\/\/www.w3.org\/2000\/svg\"><path fill=\"currentColor\" d=\"M173.898 439.404l-166.4-166.4c-9.997-9.997-9.997-26.206 0-36.204l36.203-36.204c9.997-9.998 26.207-9.998 36.204 0L192 312.69 432.095 72.596c9.997-9.997 26.207-9.997 36.204 0l36.203 36.204c9.997 9.997 9.997 26.206 0 36.204l-294.4 294.401c-9.998 9.997-26.207 9.997-36.204-.001z\"><\/path><\/svg><\/span><span class=\"gb-headline-text\">Betreuung der IT-Systeme von mittelst\u00e4ndischen Unternehmen als Systemadministrator<\/span><\/p>\n\n\n\n<p class=\"gb-headline gb-headline-d1a8e92a\"><span class=\"gb-icon\"><svg aria-hidden=\"true\" role=\"img\" height=\"1em\" width=\"1em\" viewBox=\"0 0 512 512\" xmlns=\"http:\/\/www.w3.org\/2000\/svg\"><path fill=\"currentColor\" d=\"M173.898 439.404l-166.4-166.4c-9.997-9.997-9.997-26.206 0-36.204l36.203-36.204c9.997-9.998 26.207-9.998 36.204 0L192 312.69 432.095 72.596c9.997-9.997 26.207-9.997 36.204 0l36.203 36.204c9.997 9.997 9.997 26.206 0 36.204l-294.4 294.401c-9.998 9.997-26.207 9.997-36.204-.001z\"><\/path><\/svg><\/span><span class=\"gb-headline-text\">Consulting und Migrationen im Windows und Exchangebereich<br><\/span><\/p>\n\n\n\n<figure class=\"wp-block-table hide-on-mobile\"><table><tbody><tr><td>Zertifizierung<\/td><td>Microsoft MCT<br>Microsoft MCSE NT4<br>Microsoft MCSE Windows 2000<br>Microsoft MCSE Windows 2003<br>Microsoft TS Windows 2008<br>Microsoft IT-P Messaging Exchange 2007<br>Microsoft Enterprise Admin Windows 2008<br>Microsoft MCTS Messaging Exchange 2010 Configuration<br>Microsoft MCSA Windows 2012<br>Microsoft MCSE Messaging Exchange 2013<br>Microsoft MCSE Productivity<br>Microsoft Exchange 2016 zertifiziert<\/td><\/tr><tr><td>Schwerpunkte<\/td><td>Netzwerkplanung, Installation und Administration Microsoft basierender Netzwerke<br>Migration auf Exchange Server<br>Planung, Installation und Betreuung von Microsoft Exchange Server<br>Betriebssystemmigration auf Windows 2000\/2003\/2008<br>Durchf\u00fchrung von Seminaren<br>First und Second Level Support<\/td><\/tr><tr><td>Programmier-Kenntnisse<\/td><td>Powershell<\/td><\/tr><tr><td>Schulungserfahrung<\/td><td>Seit 1988 Schulungen in den Bereichen:<br>Diverse Anwendungen<br>Netzwerkgrundlagen<br>TCP\/IP (auch V6)<br>Microsoft Windows Clients<br>Microsoft Exchange Server  seit 5.5 alle Versionen<br>Microsoft Windows Server 2003\/2008\/2012<br>Powershell, auch ein selbst entwickelter Kurs<\/td><\/tr><tr><td>Hardware<\/td><td> Sehr gute Kenntnisse aller Intel basierender Computer und der damit verbundenen Peripherie<\/td><\/tr><tr><td>Betriebssysteme<\/td><td>DOS<br>Mac OS 10 Tiger<br>Windows 3.1(1)<br>Windows 95, 98<br>OS\/2 (bis Warp 3)<br>Windows NT<br>Windows 2000 Professional<br>Windows 2000 Server<br>Windows 2003 Server<br>Windows XP<br>Windows Vista<br>Windows 7<br>Windows 2008 Server<br>Windows 2012 Server<br>Windows 2016 Server<\/td><\/tr><tr><td>Protokolle<\/td><td>NetBIOS<br>NetBEUI<br>IPX\/SPX<br>TCP\/IP Version 4 und 6<br>DLC<br>IPSEC<\/td><\/tr><tr><td>Telekommunikation<\/td><td>Fundierte Kenntnisse im Bereich der Anbindungen von Arbeitspl\u00e4tzen mit dem Netzwerk<\/td><\/tr><tr><td>Beispiele f\u00fcr durchgef\u00fchrte Projekte<\/td><td>Schulungsprojekte bei Siemens<br>Operator bei einem Unix Warenwirtschaftsystem<br>Durchf\u00fchrung eines Programmierprojektes in den vereinigten Staaten<br>St\u00e4ndige Betreuung verschiedener Netzwerke unter Windows 2000\/2003\/2008\/2012  R2 und Windows 7 als Client<br>Erstellung kleiner Applikationen im Kundenauftrag zur Automatisation von Arbeitsvorg\u00e4ngen<br>Einrichtung von Microsoft Exchange Mail-Servern<br>Toolerstellung zum Zugriff auf die Daten in Exchange Servern<br>Einrichtung von Windows 2000\/2003\/2008\/2012  R2 Servern<br>Konfiguration AD<br>Migration von Windows NT auf Windows 2000<br>Migration von Exchange 5.5 auf Exchange 2000<br>Second Level Support bei einem gro\u00dfen R\u00fcckversicherer<br>Migration von Windows NT auf Windows 2003<br>Migrationen von Exchange 2000 auf 2003<br>Migrationen von Windows 2000 Server auf 2003<br>Migrationen von Exchange 2003 Server auf 2007<br>Migrationen von Windows 2003 Server auf 2008<br>Migrationen von Exchange 2003 Server auf 2010<br>Migrationen von Windows 2008 Server auf 2012 R2<br>Migrationen von \u00e4lteren Windows Server Versionen auf 2016<\/td><\/tr><\/tbody><\/table><\/figure>\n\n<\/div>\n<\/div>\n\n<div class=\"gb-container gb-container-ea47a3fb\">\n<div class=\"gb-container gb-container-d09f750c\">\n\n<h2 class=\"gb-headline gb-headline-41503580 gb-headline-text\" id=\"schulungsangebote\">Schulungsangebote<\/h2>\n\n<\/div>\n<\/div>\n\n<div class=\"gb-container gb-container-1b399aab\">\n<div class=\"gb-container gb-container-f8daa703\">\n<div class=\"gb-grid-wrapper gb-grid-wrapper-f08db697\">\n<div class=\"gb-grid-column gb-grid-column-3b35d2a0\"><div class=\"gb-container gb-container-3b35d2a0\">\n\n<figure class=\"gb-block-image gb-block-image-3865611f\"><img loading=\"lazy\" decoding=\"async\" width=\"600\" height=\"400\" class=\"gb-image gb-image-3865611f\" src=\"http:\/\/blaschke-net.com\/wp-content\/uploads\/2025\/07\/schulungscenter1a.jpg\" alt=\"\" title=\"schulungscenter1a\" srcset=\"https:\/\/blaschke-net.com\/wp-content\/uploads\/2025\/07\/schulungscenter1a.jpg 600w, https:\/\/blaschke-net.com\/wp-content\/uploads\/2025\/07\/schulungscenter1a-300x200.jpg 300w\" sizes=\"auto, (max-width: 600px) 100vw, 600px\" \/><\/figure>\n\n\n\n<h3 class=\"gb-headline gb-headline-e54b30fa gb-headline-text\">Im Auftrag eines Schulungspartners<\/h3>\n\n\n\n<p>Als MCT stehe ich f\u00fcr MOC-Trainings und andere Schulungen f\u00fcr Schulungsh\u00e4user und Trainingszentren zur Verf\u00fcgung. Die Dauer kann zwischen zwei und f\u00fcnf Tagen liegen, je nach Thema.<\/p>\n\n<\/div><\/div>\n\n<div class=\"gb-grid-column gb-grid-column-3079eea7\"><div class=\"gb-container gb-container-3079eea7\">\n\n<figure class=\"gb-block-image gb-block-image-5a588b14\"><img loading=\"lazy\" decoding=\"async\" width=\"600\" height=\"400\" class=\"gb-image gb-image-5a588b14\" src=\"http:\/\/blaschke-net.com\/wp-content\/uploads\/2025\/07\/inhousetraining1.jpg\" alt=\"\" title=\"inhousetraining1\" srcset=\"https:\/\/blaschke-net.com\/wp-content\/uploads\/2025\/07\/inhousetraining1.jpg 600w, https:\/\/blaschke-net.com\/wp-content\/uploads\/2025\/07\/inhousetraining1-300x200.jpg 300w\" sizes=\"auto, (max-width: 600px) 100vw, 600px\" \/><\/figure>\n\n\n\n<h3 class=\"gb-headline gb-headline-a1530e06 gb-headline-text\">Direkt bei Ihnen<\/h3>\n\n\n\n<p>Anhand einer umfassenden Arbeitsplatzanalyse kann exakt Ihr Schulungsbedarf ermittelt werden. Der Kurs wird dann praxisorientiert und mit vielen \u00dcbungen entweder bei Ihnen oder in eigenen R\u00e4umen durchgef\u00fchrt. Ich habe auch f\u00fcr viele Themen eigene Konzepte und Unterlagen ausgearbeitet. Die Themen werden im Vorfeld mit Ihnen definiert.<\/p>\n\n<\/div><\/div>\n\n<div class=\"gb-grid-column gb-grid-column-1ad4a78c\"><div class=\"gb-container gb-container-1ad4a78c\">\n\n<figure class=\"wp-block-image size-full\"><img loading=\"lazy\" decoding=\"async\" width=\"600\" height=\"400\" src=\"http:\/\/blaschke-net.com\/wp-content\/uploads\/2025\/07\/deutschenglisch2.jpg\" alt=\"\" class=\"wp-image-197\" srcset=\"https:\/\/blaschke-net.com\/wp-content\/uploads\/2025\/07\/deutschenglisch2.jpg 600w, https:\/\/blaschke-net.com\/wp-content\/uploads\/2025\/07\/deutschenglisch2-300x200.jpg 300w\" sizes=\"auto, (max-width: 600px) 100vw, 600px\" \/><\/figure>\n\n\n\n<h3 class=\"gb-headline gb-headline-f1d5d891 gb-headline-text\">Deutsche und Englische Versionen<\/h3>\n\n\n\n<p>Die Kurse k\u00f6nnen sowohl mit den deutschen, als auch mit den englischen Versionen durchgef\u00fchrt werden.<\/p>\n\n<\/div><\/div>\n<\/div>\n<\/div>\n<\/div>\n\n<div class=\"gb-container gb-container-c2ea35df\">\n<div class=\"gb-container gb-container-e53f5cf1\">\n\n<h3 class=\"gb-headline gb-headline-eff4a083 gb-headline-text\">Themenbereiche<\/h3>\n\n\n\n<ul class=\"wp-block-list\">\n<li>Client: Windows 7 und Windows 10<\/li>\n\n\n\n<li>Server: Windows 2008 \u2013 Windows 2012 R2<\/li>\n\n\n\n<li>Exchange: Alle Versionen<\/li>\n<\/ul>\n\n<\/div>\n<\/div>\n\n<div class=\"gb-container gb-container-d31f9f16\">\n<div class=\"gb-container gb-container-ca1c7964\">\n\n<h2 class=\"gb-headline gb-headline-c6af6881 gb-headline-text\" id=\"projekteundsupport\">Projekte und Support<\/h2>\n\n<\/div>\n<\/div>\n\n<div class=\"gb-container gb-container-ff640501\">\n<div class=\"gb-container gb-container-c754052c\">\n\n<h3 class=\"gb-headline gb-headline-8aa23adf\"><span class=\"gb-icon\"><svg viewBox=\"0 0 640 512\"><path d=\"M256 64H384v64H256V64zM240 0c-26.5 0-48 21.5-48 48v96c0 26.5 21.5 48 48 48h48v32H32c-17.7 0-32 14.3-32 32s14.3 32 32 32h96v32H80c-26.5 0-48 21.5-48 48v96c0 26.5 21.5 48 48 48H240c26.5 0 48-21.5 48-48V368c0-26.5-21.5-48-48-48H192V288H448v32H400c-26.5 0-48 21.5-48 48v96c0 26.5 21.5 48 48 48H560c26.5 0 48-21.5 48-48V368c0-26.5-21.5-48-48-48H512V288h96c17.7 0 32-14.3 32-32s-14.3-32-32-32H352V192h48c26.5 0 48-21.5 48-48V48c0-26.5-21.5-48-48-48H240zM96 448V384H224v64H96zm320-64H544v64H416V384z\"><\/path><\/svg><\/span><span class=\"gb-headline-text\">Netzwerk<\/span><\/h3>\n\n\n\n<p>Ich unterst\u00fctze Sie beim Aufbau und Migration von Netzwerken durch Consulting, Implementierung, Schulung und Coaching. Das Fundament einer jeden IT-Landschaft bildet das Netzwerk. Es garantiert die Basisfunktionen Ihrer Infrastruktur. Nur wenn diese Strukturen optimal geplant und realisiert sind, l\u00e4sst sich ein effizienter Betrieb gew\u00e4hrleisten.<\/p>\n\n\n\n<h3 class=\"gb-headline gb-headline-67dda2fd\"><span class=\"gb-icon\"><svg aria-hidden=\"true\" role=\"img\" height=\"1em\" width=\"1em\" viewBox=\"0 0 512 512\" xmlns=\"http:\/\/www.w3.org\/2000\/svg\"><path fill=\"currentColor\" d=\"M464 64H48C21.49 64 0 85.49 0 112v288c0 26.51 21.49 48 48 48h416c26.51 0 48-21.49 48-48V112c0-26.51-21.49-48-48-48zm0 48v40.805c-22.422 18.259-58.168 46.651-134.587 106.49-16.841 13.247-50.201 45.072-73.413 44.701-23.208.375-56.579-31.459-73.413-44.701C106.18 199.465 70.425 171.067 48 152.805V112h416zM48 400V214.398c22.914 18.251 55.409 43.862 104.938 82.646 21.857 17.205 60.134 55.186 103.062 54.955 42.717.231 80.509-37.199 103.053-54.947 49.528-38.783 82.032-64.401 104.947-82.653V400H48z\"><\/path><\/svg><\/span><span class=\"gb-headline-text\">E-Mail<\/span><\/h3>\n\n\n\n<p>Dieses Thema hat sich in den Unternehmen als sehr wichtiges und Unternehmenskritisches Element etabliert. Als MCSE und Exchange Enterprise Administrator weise ich sowohl den Theorie-Background, als auch jahrelange Erfahrung mit dem Produkt auf. Neben Konzeption und Installation unterst\u00fctze ich Sie auch beim Troubleshooting.<\/p>\n\n\n\n<h3 class=\"gb-headline gb-headline-e416345a\"><span class=\"gb-icon\"><svg viewBox=\"0 0 512 512\"><path d=\"M75 75L41 41C25.9 25.9 0 36.6 0 57.9V168c0 13.3 10.7 24 24 24H134.1c21.4 0 32.1-25.9 17-41l-30.8-30.8C155 85.5 203 64 256 64c106 0 192 86 192 192s-86 192-192 192c-40.8 0-78.6-12.7-109.7-34.4c-14.5-10.1-34.4-6.6-44.6 7.9s-6.6 34.4 7.9 44.6C151.2 495 201.7 512 256 512c141.4 0 256-114.6 256-256S397.4 0 256 0C185.3 0 121.3 28.7 75 75zm181 53c-13.3 0-24 10.7-24 24V256c0 6.4 2.5 12.5 7 17l72 72c9.4 9.4 24.6 9.4 33.9 0s9.4-24.6 0-33.9l-65-65V152c0-13.3-10.7-24-24-24z\"><\/path><\/svg><\/span><span class=\"gb-headline-text\">Projekte<\/span><\/h3>\n\n\n\n<p>Bei der Konzeption, Neueinf\u00fchrung sowie Optimierung von IT-Prozessen stehe ich zur Verf\u00fcgung. Gemeinsam mit Ihnen werden Ihre speziellen Anforderungen analysiert, dabei bringe ich meine umfassende Praxiserfahrung ein und begleite Sie bei der Umsetzung.<\/p>\n\n\n\n<h3 class=\"gb-headline gb-headline-50084b95\"><span class=\"gb-icon\"><svg viewBox=\"0 0 640 512\"><path d=\"M96 128a128 128 0 1 1 256 0A128 128 0 1 1 96 128zM0 482.3C0 383.8 79.8 304 178.3 304h91.4C368.2 304 448 383.8 448 482.3c0 16.4-13.3 29.7-29.7 29.7H29.7C13.3 512 0 498.7 0 482.3zM504 312V248H440c-13.3 0-24-10.7-24-24s10.7-24 24-24h64V136c0-13.3 10.7-24 24-24s24 10.7 24 24v64h64c13.3 0 24 10.7 24 24s-10.7 24-24 24H552v64c0 13.3-10.7 24-24 24s-24-10.7-24-24z\"><\/path><\/svg><\/span><span class=\"gb-headline-text\">Coaching<\/span><\/h3>\n\n\n\n<p>Ich komme zu Ihnen in die Firma, beantworte vor Ort Fragen der Mitarbeiter und l\u00f6se bestehende Probleme.<\/p>\n\n\n\n<h3 class=\"gb-headline gb-headline-4a3d66dd\"><span class=\"gb-icon\"><svg aria-hidden=\"true\" role=\"img\" height=\"1em\" width=\"1em\" viewBox=\"0 0 448 512\" xmlns=\"http:\/\/www.w3.org\/2000\/svg\"><path fill=\"currentColor\" d=\"M416 208H272V64c0-17.67-14.33-32-32-32h-32c-17.67 0-32 14.33-32 32v144H32c-17.67 0-32 14.33-32 32v32c0 17.67 14.33 32 32 32h144v144c0 17.67 14.33 32 32 32h32c17.67 0 32-14.33 32-32V304h144c17.67 0 32-14.33 32-32v-32c0-17.67-14.33-32-32-32z\"><\/path><\/svg><\/span><span class=\"gb-headline-text\">Weiterf\u00fchrende Informationen<\/span><\/h3>\n\n\n\n<p>Weitere Informationen zum Support-Bereich finden Sie auf der Website der <a href=\"https:\/\/proceed-it.com\">proceed-IT Solutions GmbH<\/a>.<\/p>\n\n<\/div>\n<\/div>\n\n<div class=\"gb-container gb-container-a6fd6fd2\">\n<div class=\"gb-container gb-container-0f3920fd\">\n\n<h2 class=\"gb-headline gb-headline-ace57c58 gb-headline-text\" id=\"kontakt\">Kontakt<\/h2>\n\n<\/div>\n<\/div>\n\n<div class=\"gb-container gb-container-52241ef0\">\n<div class=\"gb-container gb-container-f7f5ee3b\">\n\n<h3 class=\"gb-headline gb-headline-47ace7c3 gb-headline-text\">Anfrage stellen<\/h3>\n\n\n\n<p>Wie kann ich Ihnen weiterhelfen? Schicken Sie mir eine E-Mail an anbl@blaschke-net.com oder rufen Sie mich an unter 0172 8503446.<\/p>\n\n\n\n<p>Ich freue mich \u00fcber ein pers\u00f6nliches Gespr\u00e4ch.<\/p>\n\n<\/div>\n<\/div>","protected":false},"excerpt":{"rendered":"<p>IT-Schulungen mit Praxisbezug Als zertifizierter MCSE unterst\u00fctze ich Unternehmen dabei, ihre IT-Teams gezielt weiterzubilden \u2013 mit praxisorientierten Schulungen zu PowerShell, Microsoft Exchange und weiteren Themen der Systemadministration. Mein Fokus liegt auf verst\u00e4ndlicher Wissensvermittlung, die sich direkt im Arbeitsalltag anwenden l\u00e4sst. Ob individuelle Firmenschulungen oder modulare Trainingskonzepte: Gemeinsam st\u00e4rken wir die Kompetenzen Ihrer IT-Mitarbeiter \u2013 nachhaltig &#8230; <a title=\"MCSE Andreas Blaschke\" class=\"read-more\" href=\"https:\/\/blaschke-net.com\/\" aria-label=\"Mehr Informationen \u00fcber MCSE Andreas Blaschke\">Weiterlesen<\/a><\/p>\n","protected":false},"author":1,"featured_media":0,"parent":0,"menu_order":0,"comment_status":"closed","ping_status":"closed","template":"","meta":{"footnotes":""},"class_list":["post-70","page","type-page","status-publish"],"_links":{"self":[{"href":"https:\/\/blaschke-net.com\/index.php?rest_route=\/wp\/v2\/pages\/70","targetHints":{"allow":["GET"]}}],"collection":[{"href":"https:\/\/blaschke-net.com\/index.php?rest_route=\/wp\/v2\/pages"}],"about":[{"href":"https:\/\/blaschke-net.com\/index.php?rest_route=\/wp\/v2\/types\/page"}],"author":[{"embeddable":true,"href":"https:\/\/blaschke-net.com\/index.php?rest_route=\/wp\/v2\/users\/1"}],"replies":[{"embeddable":true,"href":"https:\/\/blaschke-net.com\/index.php?rest_route=%2Fwp%2Fv2%2Fcomments&post=70"}],"version-history":[{"count":68,"href":"https:\/\/blaschke-net.com\/index.php?rest_route=\/wp\/v2\/pages\/70\/revisions"}],"predecessor-version":[{"id":281,"href":"https:\/\/blaschke-net.com\/index.php?rest_route=\/wp\/v2\/pages\/70\/revisions\/281"}],"wp:attachment":[{"href":"https:\/\/blaschke-net.com\/index.php?rest_route=%2Fwp%2Fv2%2Fmedia&parent=70"}],"curies":[{"name":"wp","href":"https:\/\/api.w.org\/{rel}","templated":true}]}}