{"id":91,"date":"2021-02-23T11:44:00","date_gmt":"2021-02-23T10:44:00","guid":{"rendered":"http:\/\/blaschke-net.com\/?page_id=91"},"modified":"2026-03-10T13:21:59","modified_gmt":"2026-03-10T12:21:59","slug":"datenschutz","status":"publish","type":"page","link":"https:\/\/blaschke-net.com\/?page_id=91","title":{"rendered":"Datenschutzerkl\u00e4rung"},"content":{"rendered":"<div class=\"gb-container gb-container-dc4bc7a8\">\n<div class=\"gb-container gb-container-d25aa766\">\n\n<h1 class=\"gb-headline gb-headline-5c0a0f13 gb-headline-text\">Datenschutzerkl\u00e4rung<\/h1>\n\n\n\n<h2 class=\"gb-headline gb-headline-12aed600 gb-headline-text\">1. Allgemeine Hinweise und Pflichtinformationen<\/h2>\n\n\n\n<p>Die folgenden Hinweise geben einen einfachen \u00dcberblick dar\u00fcber, was mit Ihren personenbezogenen Daten passiert, wenn Sie meine Website besuchen. Personenbezogene Daten sind alle Daten, mit denen Sie pers\u00f6nlich identifiziert werden k\u00f6nnen.<\/p>\n\n\n\n<p>Ich nehme den Schutz Ihrer pers\u00f6nlichen Daten sehr ernst. Ihre personenbezogenen Daten werden vertraulich behandelt. Der Umgang damit entspricht den gesetzlichen Datenschutzvorschriften sowie dieser Datenschutzerkl\u00e4rung.<\/p>\n\n\n\n<p>Wenn Sie diese Website benutzen, werden verschiedene personenbezogene  Daten erhoben. Die vorliegende  Datenschutzerkl\u00e4rung erl\u00e4utert, welche Daten erhoben und wof\u00fcr sie genutzt werden. Sie erl\u00e4utert auch, wie und zu welchem Zweck das geschieht.<\/p>\n\n\n\n<p>Ich weise darauf hin, dass die Daten\u00fcbertragung im Internet (z.B. bei der Kommunikation per E-Mail) Sicherheitsl\u00fccken aufweisen kann. Ein l\u00fcckenloser Schutz der Daten vor dem Zugriff durch Dritte ist nicht m\u00f6glich.<\/p>\n\n\n\n<h2 class=\"gb-headline gb-headline-afaeada6 gb-headline-text\">2. Datenerfassung auf meiner Website<\/h2>\n\n\n\n<h3 class=\"gb-headline gb-headline-7e151693 gb-headline-text\">Wer ist verantwortlich f\u00fcr die Datenerfassung auf dieser Website?<\/h3>\n\n\n\n<p>Eine verantwortliche Stelle ist die nat\u00fcrliche oder juristische  Person, die allein oder gemeinsam mit anderen \u00fcber die Zwecke und Mittel  der Verarbeitung von personenbezogenen Daten (z.B. Namen,  E-Mail-Adressen o. \u00c4.) entscheidet. Die Datenverarbeitung auf dieser  Website erfolgt durch den Websitebetreiber:<br>Andreas Blaschke <br>Zornedinger Str. 13 <br>85630 Grasbrunn<br>Telefon: +49 (8106) 3217262<br>E-Mail: webmaster@blaschke-net.com<\/p>\n\n\n\n<h3 class=\"wp-block-heading\">Welche Daten werden erfasst und wie erfasse ich sie?<\/h3>\n\n\n\n<p>Die Nutzung dieser Webseite ist in der Regel ohne Angabe personenbezogener Daten m\u00f6glich. Ihre Daten werden zum einen dadurch  erhoben, dass Sie diese mitteilen. Hierbei kann es sich z.B. um Daten handeln, die Sie in ein Anfrage- oder Kontaktformular eingeben. Daten,  die Sie mir auf diesem Wege zukommen lassen, werden auf freiwilliger  Basis erhoben. F\u00fcr die Bearbeitung einer Anfrage oder Buchung werden  jedoch Name, Anschrift, Telefonnummer, sowie Ihre Mailadresse ben\u00f6tigt.<\/p>\n\n\n\n<p>Es gibt au\u00dferdem andere Daten, die automatisch beim Besuch der  Website durch die IT-Systeme erfasst werden. Der Provider der Seiten  erhebt und speichert eventuell automatisch Informationen in so genannten Server-Log-Dateien, die Ihr Browser automatisch \u00fcbermittelt. Diese sind:<\/p>\n\n\n\n<ul class=\"wp-block-list\">\n<li>Browsertyp\/Browserversion<\/li>\n\n\n\n<li>verwendetes Betriebssystem<\/li>\n\n\n\n<li>Referrer URL<\/li>\n\n\n\n<li>Hostname des zugreifenden Rechners<\/li>\n\n\n\n<li>Uhrzeit der Serveranfrage<\/li>\n<\/ul>\n\n\n\n<p>Diese Daten sind nicht bestimmten Personen zuordenbar. Sollten diese Daten erzeugt werden, dann bleiben sie auf dem Server beim  Provider, ich speichere und verwende sie nicht. Eine Zusammenf\u00fchrung dieser Daten mit anderen Datenquellen wird nicht vorgenommen.<\/p>\n\n\n\n<h3 class=\"wp-block-heading\">Wie und wof\u00fcr nutze ich Ihre Daten?<\/h3>\n\n\n\n<p>Wenn Sie mir \u00fcber ein Formular personenbezogenen Daten f\u00fcr eine Anfrage \u00fcbermitteln, werden Ihre Angaben aus dem Formular inklusive der von Ihnen dort angegebenen Kontaktdaten zwecks Bearbeitung der Anfrage, f\u00fcr R\u00fcckfragen und f\u00fcr die Abwicklung des Auftrags bei mir im Rahmen der gesetzlichen Bestimmungen gespeichert. Mit dem  Versenden Ihrer Anfrage oder Buchung erkl\u00e4ren Sie sich damit einverstanden und Sie m\u00fcssen dies dort angeben. Ihre Daten gebe ich sonst nicht an Dritte weiter.<\/p>\n\n\n\n<p>Technische Daten, die durch den Provider erhoben werden dienen  dazu, um eine fehlerfreie Bereitstellung der Website zu gew\u00e4hrleisten. Daten, die in Server-Log-Dateien erhoben werden, k\u00f6nnen zur Analyse Ihres  Nutzerverhaltens verwendet werden. Ich speichere und verwende diese  Dateien nicht.<\/p>\n\n\n\n<h3 class=\"wp-block-heading\">Welche Rechte haben Sie bez\u00fcglich Ihrer Daten?<\/h3>\n\n\n\n<p>Sie haben jederzeit das Recht, unentgeltlich Auskunft \u00fcber Herkunft,  Empf\u00e4nger und Zweck Ihrer gespeicherten personenbezogenen Daten zu erhalten. Sie haben au\u00dferdem ein Recht, die Berichtigung, Sperrung oder L\u00f6schung dieser Daten zu verlangen. Hierzu sowie zu weiteren Fragen zum Thema Datenschutz k\u00f6nnen Sie sich jederzeit unter der oben angegebenen Adresse an mich wenden. Des Weiteren steht Ihnen ein Beschwerderecht bei der zust\u00e4ndigen Aufsichtsbeh\u00f6rde zu.<\/p>\n\n\n\n<p>Grundlage f\u00fcr die Datenverarbeitung ist Art. 6 Abs. 1 lit. f DSGVO, der die Verarbeitung von Daten zur Erf\u00fcllung eines Vertrags oder vorvertraglicher Ma\u00dfnahmen gestattet.<\/p>\n\n<\/div>\n<\/div>","protected":false},"excerpt":{"rendered":"<p>Datenschutzerkl\u00e4rung 1. Allgemeine Hinweise und Pflichtinformationen Die folgenden Hinweise geben einen einfachen \u00dcberblick dar\u00fcber, was mit Ihren personenbezogenen Daten passiert, wenn Sie meine Website besuchen. Personenbezogene Daten sind alle Daten, mit denen Sie pers\u00f6nlich identifiziert werden k\u00f6nnen. Ich nehme den Schutz Ihrer pers\u00f6nlichen Daten sehr ernst. Ihre personenbezogenen Daten werden vertraulich behandelt. Der Umgang damit &#8230; <a title=\"Datenschutzerkl\u00e4rung\" class=\"read-more\" href=\"https:\/\/blaschke-net.com\/?page_id=91\" aria-label=\"Mehr Informationen \u00fcber Datenschutzerkl\u00e4rung\">Weiterlesen<\/a><\/p>\n","protected":false},"author":1,"featured_media":0,"parent":0,"menu_order":0,"comment_status":"closed","ping_status":"closed","template":"","meta":{"footnotes":""},"class_list":["post-91","page","type-page","status-publish"],"_links":{"self":[{"href":"https:\/\/blaschke-net.com\/index.php?rest_route=\/wp\/v2\/pages\/91","targetHints":{"allow":["GET"]}}],"collection":[{"href":"https:\/\/blaschke-net.com\/index.php?rest_route=\/wp\/v2\/pages"}],"about":[{"href":"https:\/\/blaschke-net.com\/index.php?rest_route=\/wp\/v2\/types\/page"}],"author":[{"embeddable":true,"href":"https:\/\/blaschke-net.com\/index.php?rest_route=\/wp\/v2\/users\/1"}],"replies":[{"embeddable":true,"href":"https:\/\/blaschke-net.com\/index.php?rest_route=%2Fwp%2Fv2%2Fcomments&post=91"}],"version-history":[{"count":7,"href":"https:\/\/blaschke-net.com\/index.php?rest_route=\/wp\/v2\/pages\/91\/revisions"}],"predecessor-version":[{"id":294,"href":"https:\/\/blaschke-net.com\/index.php?rest_route=\/wp\/v2\/pages\/91\/revisions\/294"}],"wp:attachment":[{"href":"https:\/\/blaschke-net.com\/index.php?rest_route=%2Fwp%2Fv2%2Fmedia&parent=91"}],"curies":[{"name":"wp","href":"https:\/\/api.w.org\/{rel}","templated":true}]}}